 - (-1 + 1)) + (7 - -1 - 16)
-10
-8 + -13 + 18 + 12
9
What is 1 - (6 + 6) - (0 + 4 - -1)?
-16
Calculate (-4 - (-2 + 2) - -6) + 39 + -33.
8
35 + (-11 - -16 - 30)
10
(13 - (11 - -4)) + -6
-8
Calculate -1 + -2 + 0 + 13.
10
What is 12 - ((16 - 18) + 13)?
1
Evaluate 35 + (24 - 48) - (3 + 3).
5
(-2 + 1 - (3 + -7)) + (-35 - -11)
-21
What is 8 - (10 - 3 - (-42 + 48))?
7
Calculate -15 - -16 - 5 - (-3 - (2 + 0)).
1
Calculate -13 + (24 - (18 - 12)) - -13.
18
What is the value of (11 - 3) + 36 + -34 - -7?
17
1 - (1 + -6) - 1
5
Calculate (-1 - 13) + -426 + 431.
-9
Evaluate -1 + 21 + -79 + 68 - 18.
-9
What is the value of 6 - (17 + -20) - 1?
8
What is -4 - -10 - 14 - 5 - -7?
-6
Calculate -9 + (-1 + -10 - -16).
-4
Calculate -27 - ((25 - 11) + -42).
1
Calculate -24 + -1 - -12 - (-1 + 0).
-12
Evaluate 121 + -89 + (-28 - 1).
3
-18 - (0 + -3 + -1 - (-5 + 5))
-14
What is the value of -20 + 15 + 27 + -5 - 22?
-5
What is the value of 42 + -17 - 14 - (7 - 8)?
12
Calculate 2 + (-5 - 3) + (6 - -7).
7
Calculate -27 - (-14 + 7 - 8).
-12
What is (43 - -21) + -33 - -5?
36
What is the value of 6 + -18 + (-8 - -18 - 17)?
-19
What is 1 + 2 - (-5 - (11 + -8))?
11
Evaluate 1 + (10 - 0) + (-75 - -76).
12
What is the value of 2 + (-1 - 3) + 5 + -6 + 7?
4
What is the value of 13 - (-26 - (-51 - -10))?
-2
What is the value of -12 - (-622 + 623 + (-9 - -1 - -1))?
-6
What is 131 - 100 - (11 - 1)?
21
What is the value of 2 + (21 - (2 + 20))?
1
What is 8 - 33 - (8 + -44)?
11
Evaluate (4 - 4 - -3 - -7) + -1.
9
What is the value of 3 + (-1 - -12 - (3 - -4))?
7
24 + -28 + 5 + -31 + 5
-25
What is the value of (-4 - (-6 + -2)) + (398 - 429)?
-27
Calculate 0 + -18 - 0 - -4.
-14
Evaluate 2 - (2 + 12 + -17).
5
Evaluate 1 - (1 + -2 + -2 - 5).
9
What is the value of -6 - -31 - (14 + -1)?
12
What is 0 + 1 + 1 + -4?
-2
What is the value of 6 + -5 + -7 + (-3 - -18)?
9
What is -6 + -11 + 5 + (-3 - (2 + 0))?
-17
25 + (-16 - -5) + -34
-20
What is the value of 0 + ((5 - 5) + 2 - -2) - 5?
-1
What is 0 - (36 + -23 - (3 + 2))?
-8
10 + (9 - (-3 + 22)) + 7
7
Calculate (-7 - (5 + 0 - 11)) + (-9 - 0).
-10
Calculate -14 + 22 - 10 - (-7 - -1).
4
(4 + -12 + 3 + 3 - -9) + -3
4
What is the value of -35 - -11 - -37 - (1 + 1 + -4)?
15
What is the value of (-7 + 1 + (-3 - -7) - 0) + 7?
5
What is -14 + 12 + -6 - (-1 - 33)?
26
Evaluate 2 + (-6 - 4) + 23 + -10.
5
Calculate (9 + -2 - 14) + 2.
-5
What is -49 + 77 - (-1 + (-1 - -3))?
27
What is (16 - (28 + -14)) + 24?
26
(66 - 31) + -78 + 10
-33
What is the value of 41 - (-3 - (-1 + -13)) - 20?
10
What is the value of 0 + 0 + -1 - (-4 - (-7 + 1))?
-3
Calculate -4 - -17 - (-28 + 49).
-8
Calculate 18 - (-1 - 2) - (-17 - (-34 - -17)).
21
Evaluate (49 - 14) + -24 - (23 - (-3 + 2)).
-13
Evaluate 6 - ((-4 - ((-8 - -1) + 7)) + 5).
5
Calculate -4 - (-2 + (-8 - (-6 + 6 + 2))).
8
Calculate (-242 - -256) + -1 + 10.
23
Evaluate 11 + 7 - (3 - 1).
16
Calculate (5 - 15) + -2 + (2 - -4).
-6
12 + -17 + -13 + 15 + -8
-11
Calculate 40 - 18 - (-2 + 15).
9
6 + -11 + (-9 - -17) + 21
24
Calculate (-1 - 1) + (1 - 5 - (-17 - -1)).
10
Calculate 1 + 5 + (14 - (47 - 10)).
-17
Evaluate -5 + (1 - -33 - 17) + -13.
-1
What is 552 + -554 + -1 + 11?
8
Calculate (5 - (-3 + 6) - -12) + 18.
32
What is the value of 1 + -9 + (17 - 12) + -4 + 18?
11
Evaluate 5 - 10 - (21 + (-4 - 12)).
-10
What is 15 + (-33 - -9) + 21?
12
-7 + 1 + 2 - (-25 - -17)
4
What is the value of 4 + (0 + -11 - 7)?
-14
What is 8 + (26 - 32) + -25?
-23
2 + (-2 - -14) + 0
14
Calculate 5 - (11 - (13 + 10) - (1 + -6)).
12
What is the value of 9 + (-8 - -5) + -16 - -5?
-5
What is the value of 1529 + -1537 - (0 - 23)?
15
What is (-46 - -44) + 3 + (1 - 4) + 1?
-1
What is the value of 11 - (18 + -15) - 17?
-9
Evaluate -12 + (-8 - -11) + (5 - -3).
-1
(-2 - (6 + -1)) + -1 + (2 - 2)
-8
What is the value of 13 + -28 + -14 + -2?
-31
-1 - ((-17 - -14) + 2 + 0)
0
Calculate -290 - -298 - (-2 + -28).
38
What is the value of 4 + (4 - 6) + 3 + -11?
-6
Evaluate -18 + 12 + -19 - -1.
-24
What is the value of -8 + (-5 - -4 - -34 - (24 - 15))?
16
What is the value of (-16 - 1) + 38 - 12?
9
Calculate -17 + 15 + -10 + 8 - -2.
-2
(-11 - -3) + 7 - -10
9
(6 - 5 - 2 - -5) + (32 - 22)
14
(-22 - -13 - 7) + 13
-3
What is the value of (-15 + 19 - -8) + -18?
-6
What is 2 - (-4 + -6 + 3 + 2)?
7
What is 11 - (10 + -10 - -27 - 2)?
-14
Evaluate 0 + 3 + 7 + -6 - 11.
-7
What is the value of -6 + 27 + -36 + 30?
15
15 - (5 - (-5 + 3 - -3))
11
What is the value of 97 + -77 - (-2 + 17)?
5
What is the value of -4 + 9 + 4 - (12 + -14 + -4)?
15
What is -3 - -18 - (-30 + 53)?
-8
Evaluate (-24 - -18) + -1 + -4 + 25 + -10.
4
-1 - (-5 + (9 - -5) + -9)
-1
Calculate -26 + (17 + -13 - -2) + -9.
-29
Calculate 0 + -6 + (-2 - (-5 + 1)) + -1.
-5
Evaluate 13 + -5 - (-52 + 74).
-14
Evaluate -6 + -5 - -20 - (19 - 2).
-8
What is 8 + 9 - 4 - (28 - -1)?
-16
Calculate 22 - (-13 + (39 - 17)).
13
What is the value of 35 - 20 - (-3 - -12)?
6
What is -1 - -2 - (-9 + 37 - 35)?
8
What is 11 + -10 + 7 - (-7 - 5)?
20
What is the value of 3 + -12 - -16 - -2?
9
1 + 5 + (3 - 7) + 4
6
Calculate 0 + -18 + 0 + 5 + 2.
-11
What is the value of -14 - (-26 + (6 - -3) + 9 - -1)?
-7
Calculate (9 - 10 - 6) + -23 + 5.
-25
Evaluate 6 + 0 - (133 + -133) - (1 + 1).
4
Evaluate -4 + (17 + -23 - -21).
11
What is the value of (1 - -3) + (-10 - -18)?
12
-2 + 4 + -5 + 0 - -12
9
0 + (105 + -88 - (-2 + -2))
21
What is -12 + -7 - (131 + -146)?
-4
Evaluate 36 - (24 - -17) - (11 - 2).
-14
Calculate 18 - (11 + 22) - -27.
12
Calculate -1 - (0 + -17 + 5 + 3).
8
1 + 15 + -8 + -15
-7
-6 - (-4 + -1 + -9 - -9)
-1
What is the value of 139 - 128 - (16 - 1)?
-4
What is 10 + (-5 - 6) + 10?
9
What is the value of (-1 - 7) + -50 + 131 + -44?
29
(0 - 5) + 1103 + -1117
-19
Evaluate (16 - 15 - 3) + 5.
3
(10 - 15) + (-11 - -17) - (-2 - 12)
15
What is the value of (-50 - -22) + 13 - (0 + 1)?
-16
(-12 - -33) + (-21 - -10)
10
20 + -7 + -3 + (1 - -2) + -5
8
-5 + 23 + 2 + -26
-6
What is the value of 29 + (-12 - 12) + 14 + -1?
18
Calculate 386 - 368 - (1 - -9).
8
What is (-12 - 9) + 5 + 0 + 4 + 2?
-10
Evaluate (-17 - -2) + 8 + -4 + -1 + -4.
-16
What is the value of (-2 - (-9 + -1)) + -15 + 8?
1
13 + 0 + 2 + 1661 + -1654
22
10 + 5 + -1 + -3 + -9 - -12
14
9 - (14 - (26 - 13))
8
Calculate 5 + (28 - 10) + -32.
-9
Evaluate -27 - -16 - (-4 - -16).
-23
What is the value of -3 + -4 + 5 - (6 - -2)?
-10
What is the value of -18 - -3 - -26 - (-3 - 0)?
14
(-47 - -46) + 13 + -2
10
Evaluate 11 + -18 + 11 + -12.
-8
Evaluate 10 - (8 - 6) - (-1 - (1 + -1)).
9
5 - (3 - (-13 - -13 - 12))
-10
What is the value of (-2 - -3) + -10 + 0 + -6?
-15
What is the value of -72 - -68 - (14 + 1)?
-19
Calculate (5 - -10) + -11 + -18.
-14
Evaluate 2 + -10 + -8 + 3.
-13
What is the value of -1 + -6 + (231 - 220) + 8?
12
Calculate 10 + -4 + (0 - 3 - 2) - 11.
-10
Calculate -10 + -9 + 53 + -2 + -7.
25
What is the value of -6 - (0 + -3 + -6 + (0 - 0))?
3
What is the value of -6 + -13 + 19 - (9 - 5)?
-4
What is -11 + 0 + -5 + (4 - (-5 + -1))?
-6
Calculate -27 + (-17 - (-7 - (-7 - -7))).
-37
Evaluate 23 + (-29 - -13) - (-1 + -12) - 6.
14
1 - (-5 - -2) - (38 - 30)
-4
Evaluate 0 + -4 - (-10 - (-12 - (9 - 18))).
3
Evaluate 10 - -1 - 1 - (-16 + 21).
5
What is (-26 - 21) + (28 - 8)?
-27
What is the value of (-1 - (10 - 22 - -7)) + -11?
-7
What is 25 - (3 - 14) - 17?
19
-31 - -2 - (-20 - -9)
-18
What is the value of 2 - (-11 - -26) - -7?
-6
Calculate 0 - (7 - ((-5 - 1) + 12)).
-1
What is the value of 2 - ((2 - 12) + -3)?
15
Calculate (8 - (4 - (-10 - -10))) + -4.
0
(-27 - (-8 - 1)) + 2
-16
What is the value of -8 + 11 + -5 - (0 + 8 + 3)?
-13
Calculate 1 + -7 + -1 + -2 + 13 - 0.
4
Evaluate -5 + (-3 - (16 + -19)) + (0 - 10).
-15
-17 + (12 - 11) - -2
-14
Calculate (116 - 73 - (0 - -15)) + -1 + -1.
26
What is (1 - (1 + -18)) + (387 - 383) - -2?
24
Calculate -1 - -21 - (-651 + 690).
-19
What is -15 - (-7 - 4 - 0 - 1)?
-3
-11 + 1 + 605 + -608
-13
What is -18 - (0 - (6 + -3 + -13 + 14))?
-14
Calculate -53 + 66 - (6 + -15 - 3).
25
What is 23 + -31 + 2 + -2 + -7 - -6?
-9
What is the value of -1 + 0 + -6 + (9 - (-14 + 31))?
-15
What is 33 + 0 + -69 + 15?
-21
Calculate (-10 - -14) + -12 - -10 - (-13 + 1).
14
What is the value of (267 - 251) + (-9 - -1)?
8
Evaluate -53 + 63 - (-2 + -8 + -2).
22
What is -2 + -3 + 1 